 5544 = 191517*q. Let t be 1296/(-20)*15/(-2). Calculate the highest common divisor of q and t.
18
Let l(f) = 5*f - 88. Let m be l(19). Let w be 12/(-10)*(-35)/m. What is the highest common divisor of 24 and w?
6
Suppose -152*x + 125*x + 97227 = 0. What is the greatest common divisor of 13 and x?
13
Let y(w) = 2*w**3 - 106*w**2 - 46*w + 555. Let c be y(55). What is the highest common divisor of c and 150?
75
Let w be -1*(-9 - -3 - -2). Let v(m) = 2*m**2 - 12*m + 30. Let q be v(w). Calculate the highest common factor of q and 35.
7
Let c = 30974 + -30446. What is the highest common divisor of c and 48?
48
Suppose -3*d = 4*o - 16, o = 4*d - 214 + 199. What is the greatest common divisor of d and 13652?
4
Suppose -2179 + 17253 = 9*x - 9406. What is the greatest common divisor of 85 and x?
85
Let p be ((-558)/(-21))/((-51)/119*4/(-24)). Calculate the greatest common divisor of p and 1519.
31
Suppose 75*s - 1769 = -6*s + 20*s. Suppose -8 = -x - 2. Let l be (87/2)/(x/16). What is the greatest common divisor of s and l?
29
Let h be ((-6)/(-8))/((-8)/(-288)). Let i be -189*(-9 - -8)*2/6. Calculate the greatest common factor of h and i.
9
Let k = 4704 - 4632. Suppose -2*f + 3972 = 5*s - 5*f, -f = s - 788. What is the highest common factor of s and k?
72
Let k be (86/8*-1)/(1405/(-200) + 7). Calculate the greatest common divisor of 2 and k.
2
Let i = 522 - 526. Let d be 2916/207 + i/46. What is the highest common divisor of d and 854?
14
Let v = -4371 - -40431. What is the highest common factor of 10 and v?
10
Suppose 5*j - f - 741 = 0, -4*j + 468 + 122 = 2*f. Let v be (-555)/(((-30)/(-4))/(-5)). Calculate the greatest common factor of v and j.
74
Suppose 4*h - 748 = -5*z, 5*z - 744 = -3*h + h. Suppose 3*y = -202 + 55. Let v = y + z. Calculate the highest common factor of 9 and v.
9
Suppose 7*c - 3*c - 3*r = 1114, 0 = 2*c + 3*r - 566. Let j = -72 + c. Calculate the highest common factor of 13 and j.
13
Let u = -254 + 259. Suppose -3*s = 2*w - u*w - 255, -4*s = 4*w - 300. Calculate the greatest common divisor of s and 32.
16
Let w be (6/10 - (-4)/(-5))*(-88 - -3). What is the greatest common divisor of w and 20213?
17
Let r = 5604 - 5492. Calculate the highest common divisor of r and 18144.
112
Let j = -2964 - -5178. What is the highest common divisor of 108 and j?
54
Suppose 10*z = 15*z. Suppose -11*o + 6*o + 10 = z. Suppose -o*t + 919 = 231. Calculate the highest common divisor of t and 43.
43
Let x = 254 - 310. Let d be 3/(-4)*-59 - (-14)/x. Suppose 2*g = 5*g - 12. What is the highest common divisor of g and d?
4
Let d(t) = -3 + 1 + 4*t - 10 + 0. Let y be d(6). Suppose 7*r - 11*r = -y. What is the highest common divisor of 9 and r?
3
Suppose 3*q = -c + 2*c - 110, 42 = -q - 5*c. Let d = 360 + q. What is the highest common divisor of 34 and d?
17
Suppose -2*z = -220 - 84. Suppose z = -0*n + 4*n. Let f be (168/10 - 18)/(24/(-1905)) - (-10)/(-40). What is the greatest common divisor of n and f?
19
Let f = -204 + 19. Let g = f - -249. What is the highest common factor of 320 and g?
64
Suppose 5*b = -g + 2*g - 180, -b = -4*g + 739. Let m = g - 178. What is the highest common factor of m and 287?
7
Let r be 72/(1/(-4)*-3). Let w(f) = 3*f - 15. Let a be 6/2 + -16 + 14 - -8. Let p be w(a). What is the highest common factor of r and p?
12
Let z = -18554 - -22203. What is the highest common factor of z and 82?
41
Suppose 0 = -7*p - 3*p + 214 + 716. What is the greatest common divisor of p and 2542?
31
Let x = -2183 + 1231. Let b = 960 + x. What is the greatest common factor of 536 and b?
8
Let p = -131 - -192. Suppose -2*t - 4*s + 1318 = 0, t + 39*s - 41*s - 683 = 0. Calculate the greatest common divisor of p and t.
61
Let s be -2*(6/(-14) - (-6064)/(-224)). Suppose -65 - s = -5*g. What is the highest common factor of 60 and g?
12
Let n be 29120/1170 + 8/(-9). Let f = -133 + 253. What is the greatest common factor of n and f?
24
Let f = 18 + -5. Let v = f + -1. Suppose -21*q + 679 = 205 - 282. What is the greatest common factor of v and q?
12
Let r = -34 + 121. Let u be 17136/5616 - (-4)/(-78). What is the greatest common divisor of r and u?
3
Let q be (-5)/((-4255)/(-1070) + -4). Let x = q + 72. What is the greatest common divisor of 22 and x?
22
Let h(l) = 9*l - 5. Let u(a) = a**3 + 6*a**2 + 8*a + 3. Let f be u(-4). Let k be h(f). Calculate the greatest common factor of k and 2.
2
Let x be (-203)/((5 + -41)/36). Suppose 0 = 2*a + a - 87. What is the greatest common divisor of x and a?
29
Let l be ((-112)/(-3))/(156/132912). Calculate the greatest common divisor of l and 16.
16
Let p be -2 - (7 + -11 - 1) - -1452. Calculate the greatest common factor of p and 135.
15
Suppose -3*f + 2764 = 4*b, 0 = -f - 2*b + 1046 - 126. What is the greatest common divisor of f and 70?
14
Suppose -554 = -4*o - f, -7040 = 3*o - 5*f - 7490. Let b be 1494/14 - (-6)/21. Suppose -5*l = -b - 173. Calculate the highest common factor of o and l.
28
Let b(m) = 56*m**2 - 33*m - 14. Let k be b(-2). Calculate the highest common divisor of k and 84.
12
Suppose -2*s + 3*b = -69, b - 10 = -s + 17. What is the highest common factor of 4890 and s?
30
Let z = 61954 + -19202. What is the greatest common divisor of 32 and z?
32
Let k be (-2)/5 - (-2946)/15*1. Suppose u - 348 = -2*u. Suppose -u = -g - 67. What is the highest common factor of k and g?
49
Let l = 4072 + -4056. What is the greatest common divisor of 1000 and l?
8
Suppose -5*g + 177 = -141 + 108. What is the greatest common divisor of g and 546?
42
Let p = -279 - -284. Suppose -p*o = -l + 32, -4*o - 32 = -5*l + 44. Let g be (0/(-2) + -18)*-8. Calculate the highest common divisor of g and l.
12
Suppose 21*c = c + 100. Let d(v) = 13 + 21*v + 15 - 24 - 4*v. Let z be d(3). Calculate the greatest common factor of z and c.
5
Let c be 2 - 3 - (1 - -84). Let v = 184 + -470. Let r = c - v. Calculate the highest common factor of 20 and r.
20
Let x be (9 + -5)*(-6)/4 - -5. Let n be 26*(x - 78/(-12)). Calculate the highest common factor of n and 26.
13
Suppose -7*t + 15*t - 80 = 0. Let z be ((-192)/(-15))/((-2)/(-25)). What is the greatest common factor of z and t?
10
Let h be (-9 - -24)*(3/(-5)*-5 + 2). Calculate the highest common divisor of h and 690.
15
Let f(w) = -7*w**3 - 10*w**2 - 3*w + 3. Let z be f(-2). Calculate the highest common factor of z and 2915.
5
Let l(p) = -p**3 + 45*p**2 - 100*p - 49. Let s be l(43). Let z = -307 - s. What is the greatest common factor of 8 and z?
8
Let f be (-33894)/(-35) + 4/(-10). Suppose -7*s = -12 - f. What is the greatest common factor of s and 252?
28
Let t = 20 + -13. Let n(f) = f**3 - 4*f**2 - 6*f + 8. Let u be n(5). Suppose 211 = 3*p + 4*m, -m = -t + u. What is the greatest common divisor of p and 13?
13
Let s = 15885 - 15133. Calculate the highest common factor of s and 282.
94
Suppose 3*i - 9 = 3*z, -24*z + 25*z = 0. Suppose 4*o = -5*w + 930, -w + 2*o = -i*w + 372. What is the greatest common factor of w and 6?
6
Let z(o) be the third derivative of 7*o**4/24 + o**3/2 - 19*o**2. Let d be z(10). Calculate the greatest common divisor of 146 and d.
73
Let u be ((-7)/(140/(-16)))/(25/625). Calculate the greatest common factor of u and 100.
20
Let y(f) = 99*f - 148. Let d be y(4). Suppose 3*w - d = 1000. What is the greatest common divisor of w and 78?
26
Let p = -2989 + 3691. Calculate the highest common factor of 216 and p.
54
Let d(t) = -2*t**3 - 5*t**2 + 4*t + 19. Let p be d(-3). Suppose 4 = -4*y, -18*f - y - 1281 = -23*f. Calculate the greatest common divisor of p and f.
16
Suppose -127*x - 64*x = -213241 + 39622. What is the greatest common factor of 1616 and x?
101
Suppose -18*q + 20*q - 6 = 0. Suppose 0 = q*o + 8*o - 22. What is the highest common divisor of o and 6?
2
Suppose -2*r = -2*p, 30 = 5*p - 7*p + 5*r. Let b(z) = 230*z**2 + z - 1. Let y be b(1). Calculate the greatest common divisor of p and y.
10
Suppose -18*n + 324 = -14*n. Let c(b) = 26*b**2 - 2*b - 1. Let z be c(-1). Calculate the greatest common divisor of z and n.
27
Let o = -3416 + 6600. What is the greatest common factor of o and 32?
16
Let t = -2170 + 2471. What is the greatest common factor of 21 and t?
7
Let i(h) = h**3 + 16*h**2 + 53*h - 12. Let k be i(-8). Suppose -4*s + 113 = -2*g + 29, 3*s = -5*g + k. Calculate the grea